h - 269 = 0. What are the prime factors of q?
2, 137
Suppose 4*m + 3*m = 70. What are the prime factors of m?
2, 5
Let b be (1 - 0/1)*37. Suppose 3*r - 18 = -2*n + b, r = 5. List the prime factors of n.
2, 5
Suppose 105 = 4*q + q. Suppose -4*o + 53 - q = 0. Suppose -3*s - o = -26. List the prime factors of s.
2, 3
Let s be (2 - (-1 - -2))*95. Let k = -68 + s. What are the prime factors of k?
3
Let r(l) = l**2 - 5. List the prime factors of r(4).
11
Let a(u) = -u**3 + 6*u**2 + 4*u + 5. Let i(w) = 3*w**3 - 11*w**2 - 9*w - 11. Let v(z) = -5*a(z) - 2*i(z). What are the prime factors of v(-8)?
13
Let m be 3/(-5) + 4897/(-5). What are the prime factors of (2/(-4))/(14/m)?
5, 7
Suppose -c - 394 = -4*s + c, 3*s + 2*c = 313. What are the prime factors of s?
101
Let m(n) = n**2 - 2. Let b be m(2). Suppose -4*i + b*i = -8. What are the prime factors of i?
2
Suppose 3*t + 0*j + 5*j - 10 = 0, 4*j - 8 = 2*t. Suppose v - 2*o = t, 0 = 5*v - 5*o + 3*o - 32. What are the prime factors of v?
2
Let q(w) = 9*w**3 + 22*w**2 - 7*w + 7. Let m(s) = -5*s**3 - 11*s**2 + 3*s - 3. Let i(n) = 11*m(n) + 6*q(n). List the prime factors of i(10).
19
Let x = 3 + 17. What are the prime factors of 2/(-8) + 165/x?
2
Suppose 2 = -3*p - 3*a - 1, -2*a - 8 = -p. Suppose -p*f + 48 = 4*m, m - 136 + 52 = -5*f. What are the prime factors of f?
2
Suppose -12*u + 2*u = -40. List the prime factors of u.
2
What are the prime factors of 102/(3 + 2 + -4)?
2, 3, 17
Let v(d) = -5*d**2 + 2*d + 6. Let b(a) = 11*a**2 - 3*a - 12. Let g(o) = -6*b(o) - 13*v(o). Let i be g(-7). List the prime factors of 2 + (i - -1 - -6).
2, 5
Let k(a) = -a**2 + 3*a + 4. Suppose 0 = 4*y - 7 - 17. Let j = -3 + y. What are the prime factors of k(j)?
2
Suppose 2*a - 28 = -2*a. What are the prime factors of a?
7
Let f = 5 - 3. Suppose -2*s + 10 = -f*i, 0 = -s - 2*i - i + 25. List the prime factors of s.
2, 5
Let z(d) = -54*d - 21. List the prime factors of z(-4).
3, 5, 13
Let a be (0 - 2)/((-5)/10). Suppose 58 + 6 = a*r. What are the prime factors of r?
2
Let p = -3 + 3. Suppose -h + 0 + 2 = p. What are the prime factors of h?
2
Suppose 0 = 4*f + 5*s - 13, -4*s + 2*s + 12 = 5*f. Suppose -3*h = r - 40, f*h - 3*r - 2*r - 38 = 0. List the prime factors of h.
2, 7
Let n(x) be the second derivative of x**5/20 - 2*x**4/3 + 3*x**3/2 - x**2 - x. Let z be n(7). What are the prime factors of (1 - 1) + z/3?
2
Let p = -7 + 11. Suppose 3*r = -p*y + 43, -5*r + 64 = -3*y + 2*y. List the prime factors of r.
13
Let m = 34 - -8. Suppose -2*l - 2*o = -m, 3*o = 3*l - o - 42. What are the prime factors of l?
2, 3
Let a(k) = -k**3 + 5*k**2 - 5*k + 2. Let s be a(3). Suppose -5*m = -0*m - 2*v - 79, -m = s*v - 32. List the prime factors of m.
17
Suppose -5*l = 5*t - 3*l + 53, 0 = t - l + 5. Suppose -4*g - g = -90. Let u = g + t. What are the prime factors of u?
3
Let u(a) = -1 + 5*a + 2*a**3 + 2*a**3 - 3*a**2 - 5*a**3 + 0*a**3. What are the prime factors of u(-5)?
2, 3
Let r(v) = 17*v**2 - v + 2. Let p be r(1). Let z = -9 + p. What are the prime factors of z?
3
Suppose -6 = 3*m - 57. Suppose 0 = -p - 4 + m. What are the prime factors of 3/(3/p) + 2?
3, 5
Suppose 11*z - 6*z = 95. List the prime factors of z.
19
Suppose 4*t = -4*j + 7*t + 32, -2*j + 5*t = -30. Let o(a) = -a**3 + 6*a**2 + 6*a - 3. Let n be o(j). Let m = -37 + n. What are the prime factors of m?
3, 5
Let a = -4 + 8. Suppose q - 3*q = a. What are the prime factors of (20/3)/(q/(-6))?
2, 5
Suppose -t + 8 = l + 4*t, 2 = t. List the prime factors of (5 + -3)/(l/(-5)).
5
Let g(s) be the third derivative of 0 + 1/15*s**5 - s**2 - 5/6*s**3 + 1/3*s**4 - 1/120*s**6 + 0*s. List the prime factors of g(5).
2, 5
Let o(c) = c**3 - 7*c**2 + 5*c + 6. Let n be o(6). Let u be 0*(0 + (n - -1)). Suppose -4*l + 3*l = -3*t - 8, 3*t + 6 = u. What are the prime factors of l?
2
Let q be 3/(-4) - 38/(-8). Let h = 4 - q. Let o(f) = f**3 + f**2 - f + 6. What are the prime factors of o(h)?
2, 3
Suppose -3 = -i + 2. Suppose 5*b = -3*n + 14, 3*b + 2*n - 4*n - 16 = 0. Suppose -2*u - 2*u = -i*k - 71, b*u - 53 = -k. List the prime factors of u.
2, 7
Suppose -102 - 15 = -p. What are the prime factors of p?
3, 13
Let l be 16/(-7) - 16/(-56). Let r be 0 - (-11 - -1) - l. Suppose 2*f - r = 10. What are the prime factors of f?
11
Let u be 30/(-12)*6/(-5). Suppose u*i = 5*i - 80. Suppose -4*s - 2*c = -i, -4*c + 1 = s + c. What are the prime factors of s?
11
Suppose 2*k - k = x + 47, 4*k + 2*x - 206 = 0. Suppose j - 30 = -3*c + 2*j, -3*j = 5*c - k. List the prime factors of c.
2, 5
Let y = -2380 - -4288. List the prime factors of 1/4 + y/48.
2, 5
Suppose -2*a = 3*a - 2*b - 169, 4*a + 2*b = 146. List the prime factors of a.
5, 7
Suppose -g = 4*l - 11, 0*l - 5*g + 7 = -4*l. What are the prime factors of 5*-8*l/(-20)?
2
Suppose 4*i - 127 = -19. Suppose -5*h - 60 = -5*c, -2*c - 2*h - 7 = -i. What are the prime factors of c?
11
Let x be 1/6 + 194/(-12). Let d = x + 21. What are the prime factors of d?
5
List the prime factors of 4/10 + 248/5.
2, 5
Let l be (2 + 3/3)/1. Suppose 0 = -b - l*b + 44. What are the prime factors of b?
11
Let o(m) = 2*m**2 + 11*m - 3. What are the prime factors of o(-8)?
37
Suppose 5*d - 17 - 6 = 3*m, 0 = -m + 3*d - 9. What are the prime factors of (-106)/m + (-5)/(-15)?
2, 3
Let w(f) = f**3 - 3*f + 5. What are the prime factors of w(5)?
5, 23
Let p(y) = y**2 + 0*y**2 - 2 - 2*y - y. Let f be p(4). Suppose f*o - 10 = o. What are the prime factors of o?
2, 5
Suppose 2*g - 15 - 39 = 4*r, -g + r + 25 = 0. List the prime factors of g.
23
Let o be 13/5 - 2/(-5). Suppose -15 = -2*p - o. Let a = -1 + p. What are the prime factors of a?
5
Let q = 78 - -77. List the prime factors of q.
5, 31
Suppose -2*g - 2*w + 194 = 0, 4*g + g + 2*w - 485 = 0. Suppose 3*f - b - 101 - 2 = 0, -5*b = 3*f - g. Let m = f + -21. List the prime factors of m.
13
Let z(y) = 73*y + 6. What are the prime factors of z(2)?
2, 19
Suppose 3*l + 51 - 261 = 0. List the prime factors of l.
2, 5, 7
Suppose 5*o = o + 16. What are the prime factors of 0/o - (-15 - -1)?
2, 7
Suppose 350 - 22 = 4*j. List the prime factors of j.
2, 41
Suppose -79 + 31 = -3*c. What are the prime factors of c?
2
Let l be 16/3 + (-2)/6. Let x(h) = 7*h + 4. Let z(g) = -10*g - 6. Let r(c) = -7*x(c) - 5*z(c). What are the prime factors of r(l)?
7
Suppose 0*c - 2*c - 7 = d, -2*c - 5*d = 27. List the prime factors of c/(2 - (-46)/(-22)).
11
Let m(f) = 9*f + 8. What are the prime factors of m(3)?
5, 7
Let h(v) be the second derivative of 7*v**3/6 - 3*v**2 + 2*v. List the prime factors of h(4).
2, 11
Let g = 40 - 26. What are the prime factors of g?
2, 7
Suppose 18*x - 7*x - 1562 = 0. What are the prime factors of x?
2, 71
Let x be (-6)/(-4)*16/(-6). Let r(j) = j**3 + 3*j**2 - 3*j + 4. Let w be r(x). Suppose w = -4*i - h + 42, 4*i - 4*h + 0*h - 32 = 0. List the prime factors of i.
2, 5
Let g = 22 + 1. List the prime factors of g.
23
Let y(x) = -x + 2. Let c be y(6). Let r = -3 - c. List the prime factors of 6 - (-2 + -1)*r.
3
Suppose -4*h + 4*y = -3*h - 72, 5*h = -y + 297. Suppose -3*o = -35 + 62. What are the prime factors of -1 + (-3)/(o/h)?
19
Let h(c) be the second derivative of 5/3*c**3 + 2*c - 1/12*c**4 - 9/2*c**2 + 0. List the prime factors of h(7).
2, 3
Let j = 14 + 0. Suppose 2*x = -2*w + 12, -5*x + 3*w - j = -4. Suppose -t + 4 = x. List the prime factors of t.
3
Suppose -10 = -2*y + 2*d + d, y - 4*d = 5. Suppose -5*z - 10 = y*m, -m - 4*m - 3*z = 2. What are the prime factors of m + (-5)/((-10)/4)?
2
Let o = 106 - 67. Suppose 3*u + 3*a - 33 = 0, -3*u - 2*a = 3*a - o. List the prime factors of u.
2
Let s(x) = x**3 - 5*x**2 - 5*x - 4. Let w = 16 + -10. List the prime factors of s(w).
2
Suppose 0 = -4*s + 5 + 7. List the prime factors of s.
3
Suppose 3*d - 5*g = 19, 2 = -3*g + 2*g. Suppose 3*b - 3*h = -90, 144 = -d*b - h + 42. Let j = -18 - b. List the prime factors of j.
3, 5
Let x(c) = c**3 - 11*c**2 + 9*c + 9. Let y be x(10). What are the prime factors of y/(-2)*(-2 - -70)?
2, 17
Suppose 4*y + 4*k - 16 = 4, -13 = -2*y - 5*k. Suppose -4*x + 160 = 4*z, 2*z - 65 + 9 = y*x. List the prime factors of z.
2, 3
Let i = -23 - -39. Suppose 0 = -3*n - i + 52. List the prime factors of n.
2, 3
Suppose -4*x - 4 = -4*q, x - 2*q = -3*x + 2. Suppose x*p = -6*f + f + 58, 3*f - 10 = 